at is -543 + 4?
-535
In base 16, what is 2 + 46?
48
In base 4, what is 23 + -1103?
-1020
In base 11, what is -30a + -8?
-317
In base 13, what is -1 - -93?
92
In base 13, what is -1 + 3998?
3997
In base 11, what is -119a1 + 5?
-11997
In base 11, what is 1 + 33?
34
In base 16, what is -be + 1?
-bd
In base 2, what is -110000011 - -100001?
-101100010
In base 3, what is -1100212 + 110?
-1100102
In base 10, what is 3 - -33?
36
In base 6, what is -1 - -1044?
1043
In base 16, what is -e2 + 20?
-c2
In base 16, what is 11c6 - -3?
11c9
In base 5, what is -2 - -1103?
1101
In base 3, what is -1100 - -22?
-1001
In base 6, what is -324514 + -3?
-324521
In base 5, what is -30 - 230?
-310
In base 13, what is 30 - -2a?
5a
In base 15, what is -4 - -847?
843
In base 15, what is -172 - -3?
-16e
In base 8, what is -261 - -5?
-254
In base 11, what is 59a6 + 3?
59a9
In base 6, what is 241 + 15?
300
In base 13, what is -955 - -6?
-94c
In base 16, what is -8fd - 2?
-8ff
In base 4, what is -11 - 12102?
-12113
In base 4, what is -2033132 + -3?
-2033201
In base 5, what is 11004 - 21?
10433
In base 7, what is 41 - 1022?
-651
In base 16, what is 9 + -47?
-3e
In base 4, what is -11 + -13203?
-13220
In base 11, what is 13 - -19?
31
In base 10, what is -694 + 0?
-694
In base 15, what is -1101 + -2?
-1103
In base 3, what is -1210 - -211?
-222
In base 13, what is 1a8 + 6?
1b1
In base 5, what is -402 + -11?
-413
In base 5, what is 31044 - 10?
31034
In base 16, what is 15 + -53?
-3e
In base 12, what is -6 - 9?
-13
In base 8, what is 21535 - 2?
21533
In base 9, what is -102 + -174?
-276
In base 13, what is 23 + a?
30
In base 2, what is -1001 - 111010?
-1000011
In base 12, what is 17 - -22?
39
In base 5, what is -301014 - 1?
-301020
In base 2, what is 100 + 10010101?
10011001
In base 6, what is -4 + -40432?
-40440
In base 5, what is 1011320 + 0?
1011320
In base 11, what is 3aa - 2?
3a8
In base 2, what is 1 - -10101111?
10110000
In base 5, what is 11303 - 123?
11130
In base 15, what is 317 - 2?
315
In base 2, what is -110 + 1100?
110
In base 12, what is -3 + -522?
-525
In base 2, what is -1101001101 - 10?
-1101001111
In base 13, what is -27 + -b6?
-110
In base 13, what is 4 - 9c?
-98
In base 6, what is -41 + -45?
-130
In base 16, what is -2 + a6?
a4
In base 10, what is 41 - -12?
53
In base 16, what is -c - -2b?
1f
In base 4, what is 10 + -111201?
-111131
In base 12, what is 81 - 23?
5a
In base 8, what is -410 - -1?
-407
In base 12, what is -8687 - 3?
-868a
In base 3, what is -1112122201 + -2?
-1112122210
In base 6, what is -323 + 3?
-320
In base 9, what is 1532 + 1?
1533
In base 14, what is 6 - 8?
-2
In base 5, what is -20 - 201?
-221
In base 12, what is -3 - 159?
-160
In base 12, what is -6 + 28?
22
In base 7, what is -5 + 3402?
3364
In base 2, what is -10000100000011 - -100?
-10000011111111
In base 13, what is -2b - c?
-3a
In base 16, what is -455 + -4?
-459
In base 16, what is -4 - -18?
14
In base 3, what is 101210 - -1?
101211
In base 6, what is -1 + -20040?
-20041
In base 14, what is -5 - -9?
4
In base 13, what is -2 - -28?
26
In base 9, what is 46 - -141?
187
In base 12, what is -29a - 4?
-2a2
In base 5, what is -3 - -32101?
32043
In base 9, what is -5 + 3777?
3772
In base 8, what is -4 + -20?
-24
In base 6, what is 54 - 3?
51
In base 8, what is -43 + -3?
-46
In base 12, what is 1a66 - -2?
1a68
In base 12, what is 2 - -40?
42
In base 2, what is 10 - -100100?
100110
In base 11, what is 12 + -6?
7
In base 6, what is -2 + 134?
132
In base 13, what is 83ab - 1?
83aa
In base 14, what is 49a9 - 0?
49a9
In base 14, what is -bb + 3?
-b8
In base 3, what is -20000 + 10?
-12220
In base 12, what is 38 - -59?
95
In base 5, what is 101 - 2?
44
In base 2, what is 101 + 100000?
100101
In base 11, what is a - 20?
-11
In base 2, what is -110 - 11110101001?
-11110101111
In base 3, what is 0 + 2001?
2001
In base 16, what is 3 + -7a?
-77
In base 7, what is -5 - -125?
120
In base 4, what is 122 + 10?
132
In base 15, what is -a + 60d?
603
In base 11, what is 2a - 50?
-21
In base 13, what is 176 + 2?
178
In base 6, what is -2455 - -3?
-2452
In base 16, what is 591 + 9?
59a
In base 15, what is -db3 + 2?
-db1
In base 14, what is 9a + 5?
a1
In base 3, what is -1102022011 - 0?
-1102022011
In base 16, what is -1d9 + 2?
-1d7
In base 16, what is 2bd + c?
2c9
In base 6, what is 2100 - 10?
2050
In base 11, what is -1 - 106?
-107
In base 13, what is -2 + -45c?
-461
In base 14, what is adc - 3?
ad9
In base 10, what is 421 + -10?
411
In base 8, what is 40126 - 2?
40124
In base 9, what is 25 - -355?
381
In base 8, what is 5 + 2616?
2623
In base 5, what is 200 - -1021?
1221
In base 6, what is -3 - -45?
42
In base 3, what is -1010 - 21222?
-100002
In base 4, what is -110 - -23?
-21
In base 11, what is -3 + 410?
408
In base 7, what is 1 - -5532?
5533
In base 9, what is 354 + -5?
348
In base 12, what is 6 - -44?
4a
In base 6, what is 0 - 342?
-342
In base 5, what is 344 - -2?
401
In base 3, what is 12 + -212101?
-212012
In base 8, what is 4 - 602?
-576
In base 10, what is -1 + -63?
-64
In base 4, what is 2023 + 102?
2131
In base 2, what is -1011000 + -1111011?
-11010011
In base 12, what is 38 + 0?
38
In base 16, what is -76 - 4?
-7a
In base 11, what is -12 - 2a9?
-310
In base 5, what is -10 - 312?
-322
In base 8, what is 3576 - 0?
3576
In base 14, what is -5 + -8d?
-94
In base 8, what is 7 + 54?
63
In base 6, what is 1 - -1205?
1210
In base 10, what is -48 + 3?
-45
In base 2, what is -11100 + 0?
-11100
In base 11, what is -74 + 4?
-70
In base 14, what is -22b2 + -1?
-22b3
In base 15, what is 7 + 2?
9
In base 9, what is 12 - 1636?
-1624
In base 8, what is -5 - 65?
-72
In base 11, what is 17a + 11?
190
In base 16, what is 185 + -d?
178
In base 12, what is 73 - 2?
71
In base 2, what is -100110 - -10011?
-10011
In base 2, what is -1101000111 - 1010?
-1101010001
In base 2, what is -101 + 1110111101?
1110111000
In base 9, what is 13 + 7?
21
In base 9, what is 0 + -1157?
-1157
In base 16, what is f3 + -11?
e2
In base 10, what is 5 + -46?
-41
In base 7, what is -15522 + 1?
-15521
In base 6, what is -42 + -4?
-50
In base 15, what is 20 + 56?
76
In base 14, what is -a77 + -4?
-a7b
In base 2, what is 100100100100 + -101?
100100011111
In base 4, what is 2 - 110?
-102
In base 10, what is -6 + -333?
-339
In base 12, what is -12 - -73?
61
In base 7, what is 23 + -3?
20
In base 12, what is -172 + 5?
-169
In base 14, what is -3ac - 0?
-3ac
In base 10, what is 3 - -1?
4
In base 6, what is 2 + -201?
-155
In base 14, what is 51 - 4?
4b
In base 8, what is -551 - 3?
-554
In base 16, what is 3 - -607?
60a
In base 6, what is -153 - -43?
-110
In base 13, what is -146 - 1?
-147
In base 3, what is -2120211 + 10?
-2120201
In base 6, what is -20 + 1001?
541
In base 4, what is 0 - -2113?
2113
In base 4, what is 1211030 - 2?
1211022
In base 7, what is 3 + -44?
-41
In base 4, what is -1012 + -130?
-1202
In base 14, what is 3d + -3?
3a
In base 11, what is 801 - 4?
7a8
In base 9, what is 21 - -72?
103
In base 15, what is -17 + -21?
-38
In base 13, what is -2210 + -5?
-2215
In base 2, what is -100101011 - -101?
-100100110
In base 5, what is -10 - -4112?
4102
In base 16, what is f + 74?
83
In base 9, what is -3 + -766?
-770
In base 11, what is 87 - -23?
aa
In base 3, what is -10211 - 102?
-11020
In base 12, what is 4 - -43?
47
In base 11, what is -150 - 5?
-155
In base 9, what is 12 - 2?
10
In base 16, what is -4 - -62?
5e
In base 2, what is 10011 + -1100?
111
In base 12, what is -9 + -1?
-a
In base 6, what is 210 - -1224?
1434
In base 12, what is 8b9 + -5?
8b4
In base 10, what is -12 + -2?
-14
In base 7, what is -6 + 16?
10
In base 10, what is -18 + -203?
-221
In base 16, what is -3a - -51?
17
In base 5, what is 11 + 10321?
10332
In base 14, what is 3 + 36?
39
In base 4, what is 320 + -11?
303
In base 7, what is 1553 - -10?
1563
In base 8, what is -12 + -27?
-41
In base 2, what is -1100 - 110101?
-1000001
In base 3, what is -100200201 - 2?
-100200210
In base 7, what is -1132 + -12?
-1144
In base 10, what is 14 - 35?
-21
In base 14, what is 18 - 0?
18
In base 14, what is 108 - 14?
d4
In base 14, what is 7c - 5?
77
In base 8, what is -312 + -123?
-435
In base 6, what is -143 + -3?
-150
In base 5, what is -3 - -1443?
1440
In base 4, what is -13 + 11?